NOAA Reports/Αναφορές NOAA

Select a Year or Month report

Report for 2018 Sep
                   MONTHLY CLIMATOLOGICAL SUMMARY for SEP. 2018

NAME: mesoxorio   CITY: Mesoxorio   STATE: Greece 
ELEV:   300 m  LAT:  35 00' 00" N  LONG:  25 12' 00" E

                   TEMPERATURE (C), RAIN  (mm), WIND SPEED (km/hr)

                                      HEAT  COOL        AVG
    MEAN                              DEG   DEG         WIND                 DOM
DAY TEMP  HIGH   TIME   LOW    TIME   DAYS  DAYS  RAIN  SPEED HIGH   TIME    DIR
------------------------------------------------------------------------------------
 1  26.0  31.5   16:30  21.8    6:40   0.0   7.7   0.0   8.0  30.6   14:20   ESE
 2  26.4  31.8   14:30  22.1    4:40   0.0   8.1   0.0   8.4  37.0   18:10   ESE
 3  26.9  31.9   13:50  22.7    4:30   0.0   8.6   0.0   9.3  33.8   14:20   ESE
 4  27.9  33.5   14:20  23.8   23:20   0.0   9.6   0.0   7.4  30.6   10:40    SE
 5  26.6  32.1   15:30  22.2    6:30   0.0   8.2   0.0   5.6  30.6   13:40    SE
 6  25.1  29.7   12:50  20.0    5:50   0.0   6.8   0.0   5.6  33.8   13:30    NE
 7  24.7  30.2   13:30  18.6    6:40   0.0   6.4   0.0   4.8  27.4   15:30    SE
 8  25.2  30.9   13:00  19.0    7:00   0.0   6.9   0.0   4.8  25.7   14:10    NE
 9  24.7  28.3   13:00  22.0    5:40   0.0   6.4   0.0   8.9  38.6   15:50    NE
10  24.0  27.9   15:20  20.4    6:10   0.0   5.7   0.0   9.0  40.2   12:30    NE
11  23.7  27.5   15:10  21.1    5:00   0.0   5.4   0.0   9.3  38.6   11:30    NE
12  22.9  25.9   12:40  20.6   00:00   0.0   4.6   0.0   9.5  40.2   14:20    NE
13  20.5  24.6   17:00  15.2    9:40   0.3   2.5   6.8   3.7  24.1   13:10    NE
14  22.2  27.5   14:30  15.9    7:00   0.1   4.0   0.0   3.1  24.1   15:10   SSE
15  22.6  27.4   16:30  19.6    3:20   0.0   4.3   0.0   6.1  32.2   14:50    NE
16  23.3  27.5   14:30  19.8    4:30   0.0   5.0   0.0   7.4  35.4   14:30    NE
17  23.4  26.9   14:50  20.6    5:30   0.0   5.1   0.0   8.4  35.4   15:20    NE
18  22.5  25.8   13:50  20.3   22:20   0.0   4.2   0.0   7.9  38.6   15:00    NE
19  21.6  25.2   13:40  19.0    5:20   0.0   3.3   0.0   7.4  37.0   15:50    NE
20  21.6  25.6   14:20  19.1    3:00   0.0   3.3   0.0   7.4  40.2   14:30    NE
21  22.1  26.8   14:30  18.9    6:50   0.0   3.8   0.0   6.4  32.2   16:40    NE
22  22.2  26.7   16:10  18.8    4:30   0.0   3.9   0.0   6.1  29.0   11:00    NE
23  22.6  28.0   15:40  19.3    5:50   0.0   4.3   0.0   6.4  27.4   16:30    NE
24  22.7  30.6   13:30  14.9    7:00   0.5   4.8   0.0   3.7  45.1   15:10   WNW
25  21.9  27.7   12:50  15.2    7:30   0.2   3.8   0.0   9.0  38.6   17:00    NE
26  18.6  20.7   14:10  16.8   00:00   0.3   0.6   0.0  16.7  49.9   10:20    NE
27  18.4  20.8   12:50  16.8    0:10   0.5   0.6   0.0   8.4  32.2    0:50    NE
28  20.8  24.5   14:40  16.7    3:30   0.2   2.7  26.2   9.2  49.9    7:20    SE
29  21.9  23.3   16:50  20.2   23:50   0.0   3.6   0.0  13.4  49.9   12:00   SSW
30  20.6  24.2   13:30  18.2    8:10   0.0   2.3   9.4   6.6  38.6   14:00     W
-------------------------------------------------------------------------------------
    23.1  33.5     4    14.9    24     2.1 146.5  42.4   7.6  49.9    26      NE

Max >=  32.0:  2
Max <=   0.0:  0
Min <=   0.0:  0
Min <= -18.0:  0
Max Rain: 26.19 ON 28/09/18
Days of Rain: 3 (> .2 mm) 3 (> 2 mm) 1 (> 20 mm)
Heat Base:  18.3  Cool Base:  18.3  Method: Integration