Select a Year or Month report
Report for 2022 Nov
MONTHLY CLIMATOLOGICAL SUMMARY for NOV. 2022
NAME: mesoxorio CITY: Mesoxorio STATE: Greece
ELEV: 300 m LAT: 35 00' 00" N LONG: 25 12' 00" E
TEMPERATURE (C), RAIN (mm), WIND SPEED (km/hr)
HEAT COOL AVG
MEAN DEG DEG WIND DOM
DAY TEMP HIGH TIME LOW TIME DAYS DAYS RAIN SPEED HIGH TIME DIR
------------------------------------------------------------------------------------
1 17.0 20.7 13:40 14.1 1:40 1.8 0.5 0.0 6.6 33.8 13:00 SE
2 17.5 22.2 14:00 14.8 4:00 1.6 0.8 0.0 6.4 24.1 10:50 SE
3 18.4 24.7 14:40 12.2 00:00 1.5 1.7 0.0 3.4 19.3 15:20 SE
4 16.1 25.8 14:10 8.3 7:00 3.9 1.7 0.0 1.1 16.1 13:00 W
5 16.2 21.1 13:20 9.8 5:00 2.7 0.6 0.0 4.8 29.0 11:30 SW
6 18.9 21.7 10:50 14.2 23:20 0.5 1.2 0.0 9.5 53.1 13:40 SW
7 15.6 18.4 15:10 12.2 4:00 2.7 0.0 1.2 4.7 32.2 14:40 NNW
8 15.8 18.3 12:30 14.1 23:50 2.4 0.0 0.0 6.8 37.0 12:10 NNE
9 15.9 18.9 13:30 13.6 2:10 2.4 0.0 0.0 6.9 38.6 13:50 NNE
10 15.6 19.1 13:40 13.5 23:40 2.8 0.1 0.0 4.0 29.0 12:40 NNE
11 15.2 18.9 13:30 12.9 7:20 3.2 0.0 0.0 4.7 32.2 13:40 SE
12 14.8 19.9 15:20 10.9 23:00 3.5 0.1 0.0 2.7 24.1 11:40 SE
13 13.8 19.9 12:50 8.3 7:00 4.7 0.2 0.0 1.8 24.1 14:00 SE
14 14.7 17.9 12:40 10.9 1:30 3.6 0.0 0.0 4.0 32.2 15:10 NNE
15 14.3 17.3 14:10 11.1 22:50 4.0 0.0 0.0 4.8 33.8 13:40 NE
16 14.2 20.4 15:00 7.9 7:40 4.3 0.2 3.2 3.2 25.7 22:20 W
17 16.5 20.9 15:10 13.2 4:10 2.2 0.4 0.0 3.5 32.2 13:30 SW
18 17.4 21.9 14:20 12.6 7:40 1.6 0.7 0.0 3.4 27.4 13:50 W
19 18.4 23.7 14:40 15.1 3:40 1.1 1.3 0.0 2.3 22.5 16:10 SW
20 20.4 22.9 11:10 15.5 1:20 0.2 2.3 0.0 10.6 46.7 14:00 SW
21 18.6 21.3 12:10 13.8 22:10 0.8 1.1 0.4 8.9 35.4 1:20 SW
22 14.8 20.3 14:30 9.2 8:00 3.6 0.1 0.2 4.3 29.0 15:00 W
23 14.4 18.0 1:30 10.6 00:00 3.9 0.0 40.8 6.9 40.2 12:10 WSW
24 13.4 19.4 14:30 8.7 4:30 5.0 0.1 0.2 2.4 37.0 14:50 W
25 13.3 16.6 12:30 9.6 7:50 5.0 0.0 0.0 6.3 33.8 13:20 W
26 12.2 14.9 11:20 10.2 7:30 6.1 0.0 0.0 4.5 30.6 9:50 NNE
27 12.0 16.1 12:20 8.8 8:10 6.3 0.0 0.0 1.3 19.3 13:40 SE
28 12.7 14.8 15:50 9.6 0:10 5.6 0.0 3.2 0.6 11.3 16:50 W
29 13.3 16.0 16:00 10.7 23:30 5.0 0.0 0.4 1.1 16.1 14:30 NE
30 15.6 17.4 10:50 10.1 0:50 2.7 0.0 11.2 8.0 45.1 23:50 SW
-------------------------------------------------------------------------------------
15.6 25.8 4 7.9 16 94.8 13.0 60.8 4.7 53.1 6 SE
Max >= 32.0: 0
Max <= 0.0: 0
Min <= 0.0: 0
Min <= -18.0: 0
Max Rain: 40.79 ON 23/11/22
Days of Rain: 9 (> .2 mm) 4 (> 2 mm) 1 (> 20 mm)
Heat Base: 18.3 Cool Base: 18.3 Method: Integration