NOAA Reports/Αναφορές NOAA

Select a Year or Month report

Report for 2023
                            ANNUAL CLIMATOLOGICAL SUMMARY

NAME: mesoxorio  CITY: Mesoxorio   STATE: Greece  
ELEV:   300 m  LAT:  35 00' 00" N  LONG:  25 12' 00" E

               TEMPERATURE (C), HEAT BASE 18.3, COOL BASE 18.3
                          DEP.  HEAT  COOL                                          
        MEAN  MEAN        FROM  DEG   DEG                        MAX  MAX  MIN  MIN 
 YR MO  MAX   MIN   MEAN  NORM  DAYS  DAYS  HI  DATE  LOW  DATE  >=32 <=0  <=0  <=-18 
------------------------------------------------------------------------------------
 23  1  15.2   6.9  11.4   0.0   214     0  18.7  24   1.9    4    0    0    0    0
 23  2  13.2   5.5   9.4   0.0   250     0  19.3  28   1.2    2    0    0    0    0
 23  3  17.2   8.4  12.8   0.0   173     3  23.9   1   2.0   15    0    0    0    0
 23  4  19.6  10.6  14.9   0.0   112    10  24.3   2   5.3   12    0    0    0    0
 23  5  22.3  14.3  18.1   0.0    44    37  30.3  15   9.9    1    0    0    0    0
 23  6  28.1  18.1  23.1   0.0     4   148  32.8  29  14.9    3    2    0    0    0
 23  7  33.5  23.9  28.6   0.0     0   318  42.8  26  18.3    2   19    0    0    0
 23  8  32.2  21.9  26.8   0.0     0   263  36.5   5  19.0   23   16    0    0    0
 23  9  29.1  20.5  24.2   0.0     1   178  35.9  24  16.2   28    5    0    0    0
 23 10  25.8  15.9  20.4   0.0    15    79  31.1  23  11.1   15    0    0    0    0
 23 11  22.0  12.7  17.5   0.0    59    34  28.6   4   4.4   28    0    0    0    0
 23 12  17.7   9.6  13.6   0.0   147     2  20.7   5   5.2   25    0    0    0    0
------------------------------------------------------------------------------------
        23.1  14.1  18.5   0.0  1017  1072  42.8 JUL   1.2  FEB   42    0    0    0

                                PRECIPITATION (mm)

               DEP.   MAX        DAYS OF RAIN 
               FROM   OBS.          OVER
 YR MO  TOTAL  NORM   DAY  DATE  .2   2   20
---------------------------------------------
 23  1  53.0    0.0  23.6   10   13    7    1
 23  2  36.4    0.0  11.2    6    9    5    0
 23  3  32.6    0.0  17.8   12    8    4    0
 23  4  12.2    0.0   4.0   11    4    3    0
 23  5  14.4    0.0   4.0    3    8    4    0
 23  6  59.6    0.0  51.4    2    4    2    1
 23  7   0.0    0.0   0.0    1    0    0    0
 23  8   0.2    0.0   0.2   20    1    0    0
 23  9   7.6    0.0   4.0   27    4    2    0
 23 10   1.8    0.0   1.0   15    4    0    0
 23 11  84.0    0.0  47.6   23   13    7    1
 23 12  58.3    0.0  38.4   20   17    3    1
---------------------------------------------
       360.1   0.0  51.4  JUN   85   37    4

                                WIND SPEED (km/hr)
                          DOM
 YR MO   AVG.  HI   DATE  DIR
---------------------------------
 23  1   4.6  62.8   18    SE
 23  2   7.6  74.0   27     W
 23  3   6.6  56.3   28     W
 23  4   7.2  61.2    4     W
 23  5   6.7  77.2    3    SE
 23  6   5.5  54.7   17   NNE
 23  7   7.9  56.3   10   NNE
 23  8   6.1  45.1    9    SE
 23  9   6.2  46.7    7    SE
 23 10   3.8  54.7    2   NNE
 23 11   4.5  82.1   25     W
 23 12   2.3  54.7   22     W
---------------------------------
         5.7  82.1  NOV   SE