NOAA Reports/Αναφορές NOAA

Select a Year or Month report

Report for 2023 Jun
                   MONTHLY CLIMATOLOGICAL SUMMARY for JUN. 2023

NAME: mesoxorio   CITY: Mesoxorio   STATE: Greece 
ELEV:   300 m  LAT:  35 00' 00" N  LONG:  25 12' 00" E

                   TEMPERATURE (C), RAIN  (mm), WIND SPEED (km/hr)

                                      HEAT  COOL        AVG
    MEAN                              DEG   DEG         WIND                 DOM
DAY TEMP  HIGH   TIME   LOW    TIME   DAYS  DAYS  RAIN  SPEED HIGH   TIME    DIR
------------------------------------------------------------------------------------
 1  19.9  24.4   15:10  16.6    4:00   0.3   1.9   0.0   6.0  32.2   16:10   NNE
 2  17.1  19.7   19:00  15.4   15:50   1.3   0.1  51.4   5.3  30.6    3:20     W
 3  20.0  25.9   15:00  14.9    6:50   0.8   2.5   0.0   5.1  25.7   11:10     W
 4  20.7  25.9   13:50  15.7    5:20   0.4   2.6   0.0   4.2  33.8   16:40    NE
 5  20.1  24.1   13:50  16.6    5:10   0.3   2.0   0.0   6.4  35.4   13:20    NE
 6  21.2  26.5   15:10  16.2    6:10   0.4   3.3   0.0   4.0  25.7   14:50   NNE
 7  22.2  28.3   16:40  16.8    6:20   0.2   4.1   0.0   2.3  46.7   12:30   NNE
 8  23.1  28.6   15:10  19.0    3:20   0.0   4.8   0.0   3.2  27.4   15:50   NNE
 9  22.4  26.7   15:00  18.2    6:40   0.0   4.1   0.0   4.7  32.2   15:10    NE
10  23.9  29.5   15:20  17.8    6:20   0.0   5.6   0.0   4.8  30.6   13:00   NNE
11  24.1  28.9   13:50  19.4    1:10   0.0   5.8   0.0   2.9  25.7   16:00   NNE
12  22.6  28.2   12:50  16.1    6:00   0.2   4.5   0.6   1.8  20.9   10:50   ENE
13  22.2  27.0   13:20  18.9    4:20   0.0   3.9   6.4   3.5  29.0   14:20    SE
14  22.5  26.8   16:50  17.9    4:40   0.0   4.2   0.0   5.8  30.6   12:30   NNE
15  24.1  31.0   15:50  16.4    6:10   0.1   5.9   0.0   3.4  33.8   23:40   ENE
16  24.7  28.0   15:10  20.3   00:00   0.0   6.4   0.0  12.6  51.5    1:40    SE
17  21.8  25.1   15:50  18.8    5:50   0.0   3.5   0.0  10.8  54.7   13:40     W
18  20.9  25.9   12:50  16.3    5:40   0.2   2.7   1.2   2.4  32.2   16:10   ENE
19  22.5  27.2   16:00  18.1    1:20   0.0   4.2   0.0   7.6  33.8   15:30   NNE
20  24.1  28.5   15:50  19.4    6:10   0.0   5.7   0.0   6.9  30.6   13:40   NNE
21  24.0  28.5   15:40  19.1   23:50   0.0   5.7   0.0   9.3  43.5   14:30   NNE
22  24.0  28.5   14:50  19.7    6:00   0.0   5.7   0.0   9.0  41.8   15:20   NNE
23  25.3  30.7   14:50  20.7    5:40   0.0   7.0   0.0   6.4  32.2   16:30   NNE
24  26.1  31.3   15:10  19.4    4:10   0.0   7.7   0.0   4.0  27.4   15:40    NE
25  26.7  32.7   15:00  18.1    6:10   0.0   8.4   0.0   3.9  41.8   14:30    SE
26  25.4  31.4   12:30  18.0    6:20   0.0   7.1   0.0   4.5  30.6   13:40   NNE
27  25.1  29.1   15:30  21.6    5:50   0.0   6.8   0.0   8.0  37.0   13:50   ESE
28  26.0  31.3   16:00  20.8    6:10   0.0   7.7   0.0   5.6  33.8   13:20    NE
29  25.8  32.8   15:30  17.4    6:30   0.0   7.5   0.0   3.9  29.0   16:20    NE
30  24.9  29.9   15:10  20.7    2:20   0.0   6.6   0.0   5.5  32.2   15:20   NNE
-------------------------------------------------------------------------------------
    23.1  32.8    29    14.9     3     4.1 148.2  59.6   5.5  54.7    17     NNE

Max >=  32.0:  2
Max <=   0.0:  0
Min <=   0.0:  0
Min <= -18.0:  0
Max Rain: 51.41 ON 02/06/23
Days of Rain: 4 (> .2 mm) 2 (> 2 mm) 1 (> 20 mm)
Heat Base:  18.3  Cool Base:  18.3  Method: Integration