NOAA Reports/Αναφορές NOAA

Select a Year or Month report

Report for 2023 Sep
                   MONTHLY CLIMATOLOGICAL SUMMARY for SEP. 2023

NAME: mesoxorio   CITY: Mesoxorio   STATE: Greece 
ELEV:   300 m  LAT:  35 00' 00" N  LONG:  25 12' 00" E

                   TEMPERATURE (C), RAIN  (mm), WIND SPEED (km/hr)

                                      HEAT  COOL        AVG
    MEAN                              DEG   DEG         WIND                 DOM
DAY TEMP  HIGH   TIME   LOW    TIME   DAYS  DAYS  RAIN  SPEED HIGH   TIME    DIR
------------------------------------------------------------------------------------
 1  26.7  32.4   16:00  22.0    1:20   0.0   8.4   0.0   4.5  35.4   17:10    SE
 2  25.2  29.5   15:00  21.4    5:30   0.0   6.9   0.0   7.4  40.2   16:10    SE
 3  24.5  27.8   12:50  22.3    1:20   0.0   6.2   0.4  10.0  40.2   13:30   NNE
 4  23.9  28.2   14:10  21.2    6:00   0.0   5.6   0.0   6.8  32.2   13:30    NE
 5  23.7  27.9   17:00  18.8    5:40   0.0   5.4   0.6   4.8  30.6   11:30    SE
 6  25.6  29.3   16:10  23.6    0:20   0.0   7.3   0.0  16.9  43.5    2:40   ESE
 7  27.5  32.2   14:10  23.4   23:50   0.0   9.2   0.0  16.3  46.7    0:10   ESE
 8  24.8  29.1   12:30  22.2    4:00   0.0   6.5   0.0   3.4  25.7   16:30   NNE
 9  23.9  28.3   12:40  21.6   23:30   0.0   5.6   0.0   4.8  33.8   14:30   ESE
10  22.8  26.4   13:40  20.6    6:00   0.0   4.5   0.0   6.0  30.6   16:30   NNE
11  22.3  24.8   14:20  20.6   23:40   0.0   4.0   0.0   8.4  46.7   14:00   NNE
12  22.3  26.5   14:00  19.9    4:40   0.0   4.1   0.0   7.1  32.2   15:50    NE
13  22.7  28.1   15:40  19.1    6:50   0.0   4.4   0.0   6.4  33.8   15:10    NE
14  24.1  29.4   15:10  19.9    0:10   0.0   5.8   0.0   6.0  32.2   14:50    SE
15  25.9  31.6   13:20  20.9    3:30   0.0   7.6   0.0   6.1  32.2   14:40   NNE
16  26.4  31.8   13:30  22.1    7:10   0.0   8.1   0.0   5.1  27.4   13:00    SE
17  24.4  28.9   13:00  21.2   23:50   0.0   6.1   0.0   8.4  46.7   15:40   NNE
18  22.4  25.6   14:50  20.1   23:40   0.0   4.1   0.0   8.5  38.6   18:20    NE
19  21.6  24.6   13:50  19.6    3:00   0.0   3.2   0.0   7.6  41.8   13:10    NE
20  22.8  28.4   15:20  18.9    6:30   0.0   4.5   0.0   5.5  32.2   12:10    SE
21  24.4  29.9   14:50  20.1    6:30   0.0   6.1   0.0   5.0  30.6   15:40    SE
22  26.7  32.3   14:00  22.2    0:20   0.0   8.4   0.0   5.1  30.6   11:10   NNE
23  28.4  34.2   15:00  24.0    6:40   0.0  10.2   0.0   5.5  32.2   13:40    SE
24  29.5  35.9   15:10  25.2    7:30   0.0  11.2   0.0   3.9  32.2   15:50    SE
25  25.1  31.4   13:30  18.9    6:10   0.0   6.8   0.0   4.2  29.0   14:50     W
26  23.7  29.4   14:00  18.4    7:50   0.0   5.4   0.0   3.4  29.0   12:20    SE
27  21.2  28.2   13:10  16.6    7:10   0.2   3.1   4.0   1.1  24.1   12:50     W
28  21.6  26.8   15:10  16.2    7:30   0.3   3.5   0.0   2.4  25.7   13:30    SW
29  21.0  27.6   13:00  16.8    6:40   0.2   2.9   2.6   1.0  33.8   13:20     W
30  21.6  25.1   13:30  18.4    5:50   0.0   3.2   0.0   5.5  37.0   17:20    SE
-------------------------------------------------------------------------------------
    24.2  35.9    24    16.2    28     0.6 178.3   7.6   6.2  46.7     7      SE

Max >=  32.0:  5
Max <=   0.0:  0
Min <=   0.0:  0
Min <= -18.0:  0
Max Rain: 3.99 ON 27/09/23
Days of Rain: 4 (> .2 mm) 2 (> 2 mm) 0 (> 20 mm)
Heat Base:  18.3  Cool Base:  18.3  Method: Integration