NOAA Reports/Αναφορές NOAA

Select a Year or Month report

Report for 2023 Oct
                   MONTHLY CLIMATOLOGICAL SUMMARY for OCT. 2023

NAME: mesoxorio   CITY: Mesoxorio   STATE: Greece 
ELEV:   300 m  LAT:  35 00' 00" N  LONG:  25 12' 00" E

                   TEMPERATURE (C), RAIN  (mm), WIND SPEED (km/hr)

                                      HEAT  COOL        AVG
    MEAN                              DEG   DEG         WIND                 DOM
DAY TEMP  HIGH   TIME   LOW    TIME   DAYS  DAYS  RAIN  SPEED HIGH   TIME    DIR
------------------------------------------------------------------------------------
 1  22.0  26.1   14:10  18.6    2:40   0.0   3.7   0.2   7.7  40.2   16:10   NNE
 2  22.0  25.1   12:00  19.4    5:50   0.0   3.7   0.0  13.5  54.7   17:40   NNE
 3  20.6  23.2   13:30  18.3   22:40   0.0   2.2   0.0   8.9  40.2   15:00   NNE
 4  20.2  24.3   13:50  17.8    4:30   0.1   2.0   0.0   4.8  30.6   15:00   NNE
 5  20.1  24.9   14:20  16.3    6:00   0.3   2.1   0.0   3.4  25.7   14:40    SE
 6  19.9  24.7   14:40  17.2    4:30   0.2   1.9   0.0   5.1  33.8   13:20    SE
 7  20.2  24.1   13:20  17.7    1:30   0.1   2.0   0.0   5.6  32.2   11:00    SE
 8  21.0  26.0   15:30  17.9    7:40   0.0   2.7   0.0   3.5  30.6   13:50    SE
 9  21.1  26.4   14:40  17.0    6:40   0.1   2.9   0.0   5.3  30.6   15:50    SE
10  20.6  24.6   13:50  18.0    8:00   0.0   2.3   0.0   6.8  40.2   12:50   NNE
11  19.8  23.6   13:20  17.3   22:50   0.1   1.6   0.0   9.5  45.1   11:50   NNE
12  19.1  22.8   13:00  16.6    2:10   0.4   1.2   0.0   3.4  24.1   16:40   NNE
13  19.2  23.9   13:40  16.6    6:40   0.5   1.4   0.0   1.9  19.3   11:00    SE
14  19.2  25.2   13:40  15.1    4:00   0.8   1.7   0.0   2.4  24.1   14:40    SE
15  19.1  26.2   13:40  11.1    7:40   1.9   2.7   1.0   3.1  30.6   17:20   WNW
16  20.3  26.6   13:40  13.9    7:20   1.0   3.0   0.0   3.4  30.6   14:20   WNW
17  20.8  24.7   14:00  17.3   23:20   0.0   2.5   0.0   2.9  24.1   14:30   NNE
18  20.5  26.2   14:00  14.3    4:50   0.7   2.9   0.0   6.8  41.8   14:50   WNW
19  20.2  25.5   14:40  16.6    4:20   0.2   2.1   0.0   1.3  24.1   15:20   NNE
20  19.9  26.8   16:10  13.9    8:00   1.1   2.7   0.0   0.8  19.3   13:00     W
21  20.3  26.5   16:20  14.7    7:40   0.8   2.8   0.2   1.4  17.7   13:10     W
22  20.7  28.7   14:00  13.6    7:30   0.8   3.2   0.4   1.4  25.7   13:40     W
23  21.3  31.1   13:40  14.4    6:40   0.9   3.9   0.0   2.1  24.1   15:10     W
24  21.4  29.8   15:20  14.7    2:50   0.5   3.6   0.0   1.1  27.4   15:50   ESE
25  20.1  28.0   13:30  13.2    7:50   1.3   3.1   0.0   1.1  24.1   13:30     W
26  19.7  25.1   16:50  15.5    5:10   0.7   2.1   0.0   1.0  30.6   16:50     W
27  20.6  27.0   15:50  14.7    8:20   0.6   2.9   0.0   2.4  33.8   13:00     W
28  20.6  26.2   15:00  15.2    7:00   0.5   2.8   0.0   3.1  25.7   16:20     W
29  20.6  26.0   14:20  14.8    7:20   0.4   2.7   0.0   1.6  24.1   14:10     W
30  20.2  25.1   12:20  16.5    4:00   0.2   2.1   0.0   1.4  22.5   12:30   NNE
31  19.9  25.8   14:10  14.8   00:00   0.6   2.1   0.0   1.3  20.9   13:50    SE
-------------------------------------------------------------------------------------
    20.4  31.1    23    11.1    15    14.8  78.7   1.8   3.8  54.7     2     NNE

Max >=  32.0:  0
Max <=   0.0:  0
Min <=   0.0:  0
Min <= -18.0:  0
Max Rain: 0.99 ON 15/10/23
Days of Rain: 4 (> .2 mm) 0 (> 2 mm) 0 (> 20 mm)
Heat Base:  18.3  Cool Base:  18.3  Method: Integration