NOAA Reports/Αναφορές NOAA

Select a Year or Month report

Report for 2023 Nov
                   MONTHLY CLIMATOLOGICAL SUMMARY for NOV. 2023

NAME: mesoxorio   CITY: Mesoxorio   STATE: Greece 
ELEV:   300 m  LAT:  35 00' 00" N  LONG:  25 12' 00" E

                   TEMPERATURE (C), RAIN  (mm), WIND SPEED (km/hr)

                                      HEAT  COOL        AVG
    MEAN                              DEG   DEG         WIND                 DOM
DAY TEMP  HIGH   TIME   LOW    TIME   DAYS  DAYS  RAIN  SPEED HIGH   TIME    DIR
------------------------------------------------------------------------------------
 1  18.8  24.6   13:10  12.3    2:40   1.7   2.1   0.2   4.5  32.2   13:30     W
 2  20.8  26.3   13:50  16.9    6:50   0.1   2.6   0.0   4.7  35.4   13:10     W
 3  20.5  26.4   13:50  15.3    7:00   0.4   2.6   0.0   1.3  29.0   14:10     W
 4  22.4  28.6   11:20  14.6    3:40   0.7   4.7   0.2   7.2  53.1   12:40    SW
 5  20.4  24.6   12:10  16.5   00:00   0.1   2.2   0.0   3.1  33.8   14:10     W
 6  19.2  24.1   13:30  14.0    7:30   1.0   1.9   0.0   3.7  33.8   15:20     W
 7  18.9  25.3   13:50  12.7    7:30   1.3   1.9   0.2   1.8  20.9   11:50   ESE
 8  18.6  23.9   14:00  13.0    7:30   1.0   1.3   0.0   2.4  22.5   12:30    SE
 9  18.2  25.7   14:30  12.3    5:00   1.8   1.7   0.0   0.6  20.9   15:40   ENE
10  18.4  24.4   15:10  11.9    6:40   1.6   1.8   0.2   1.1  20.9   14:20    SW
11  19.8  23.1   14:50  16.6   22:00   0.2   1.7   0.0   2.3  32.2   11:40    SW
12  19.1  23.6   14:40  15.7    5:10   0.6   1.4   1.8   2.6  25.7   14:30     W
13  17.8  22.1   11:00  15.3    2:50   1.0   0.4   3.8   3.9  46.7   12:50     W
14  18.1  22.9   14:40  15.4   23:20   1.1   0.8   0.0   3.2  25.7    0:10    SE
15  16.9  22.1   14:00   9.3    7:10   2.6   1.2   0.0   6.6  38.6   13:00     W
16  18.9  22.7   12:50  14.7    6:40   0.6   1.2   0.0   3.5  33.8   14:00   NNE
17  17.4  22.9   14:40  12.0    7:20   1.7   0.8   0.0   2.6  29.0   15:40     W
18  17.7  21.9   10:10  11.8   23:50   1.4   0.8   0.0   7.1  57.9   12:40     W
19  12.6  14.7   13:00  10.0    7:10   5.7   0.0   0.2   6.8  49.9   10:30   NNW
20  14.0  20.4   14:00   8.5    7:30   4.6   0.3   0.0   0.6  16.1   14:00    SE
21  15.1  20.6   13:30   8.4    7:20   3.7   0.5   0.0   1.9  25.7   12:40    SW
22  18.4  19.8   13:40  15.2    2:20   0.4   0.5   9.0   4.5  38.6   10:00    SW
23  17.2  19.2    2:40  14.8   21:30   1.2   0.1  47.6   4.7  43.5   11:30   ESE
24  16.7  20.2   15:00  13.4    7:40   1.8   0.2   3.4   1.9  25.7   11:00   ESE
25  17.7  21.0   12:30  13.8    5:00   1.0   0.4  11.8  14.2  82.1   23:10   WSW
26  13.4  17.6    1:10   8.2   22:20   4.9   0.0   3.4  11.9  77.2    0:20   WNW
27  11.2  15.4   15:10   5.9   00:00   7.1   0.0   0.0   2.3  29.0   13:20     W
28  12.6  17.3   23:40   4.4    3:30   5.7   0.0   2.2  11.7  59.5   11:10    SW
29  17.2  18.4   15:20  14.9   00:00   1.1   0.0   0.0  11.7  59.5    3:40    SW
30  16.6  21.5   14:30  12.1   23:50   2.4   0.6   0.0   1.0  17.7   13:20     W
-------------------------------------------------------------------------------------
    17.5  28.6     4     4.4    28    58.7  34.0  84.0   4.5  82.1    25       W

Max >=  32.0:  0
Max <=   0.0:  0
Min <=   0.0:  0
Min <= -18.0:  0
Max Rain: 47.60 ON 23/11/23
Days of Rain: 13 (> .2 mm) 7 (> 2 mm) 1 (> 20 mm)
Heat Base:  18.3  Cool Base:  18.3  Method: Integration